 w. Suppose 5*m = -p + 159, 5*m + 3*p + b - 181 = 0. Calculate the remainder when m is divided by 11.
9
Let z = -62 + 98. What is the remainder when z is divided by 8?
4
Let r be (-1)/(4 + -3)*-1. Let i(f) = 15*f - 1. What is the remainder when i(2) is divided by 8/r - 4/(-2)?
9
What is the remainder when 40 is divided by 88/6 + 4/(-6)?
12
Suppose 3*i + 40 = 5*j + 16, 3*j - 14 = 2*i. Let l(d) = d**3 - 5*d**2 + 5*d - 2. What is the remainder when l(j) is divided by 22?
20
Suppose 3*f - q = -0*q, q - 2 = f. Let t(r) = -r**3 - 2*r**2 + r - 3. What is the remainder when t(-3) is divided by f?
0
Suppose 0 = -0*i + 2*i - 34. Let a(n) = -n**3 + 4*n**2 + 4*n - 3. Let w be a(5). Let j = 14 + w. Calculate the remainder when i is divided by j.
5
Let r(p) = p**3 - 4*p**2 + 8. What is the remainder when 63 is divided by r(5)?
30
Suppose 3*o = -2*a + 3*a + 7, -5*o + 33 = a. Suppose -9*m + 23 = -a*m. Calculate the remainder when m is divided by 6.
5
Let x be (-54)/45*(-10)/3. Let l = x + 15. Calculate the remainder when l is divided by 10.
9
Let a(v) = 9*v**2 - 2. Calculate the remainder when a(2) is divided by 12.
10
Let j = 23 + -16. Let g = j - 13. Let u = 1 - g. What is the remainder when 25 is divided by u?
4
Calculate the remainder when (-3)/(12/(-124)) + -2 is divided by 16.
13
Let z = 31 + 2. Suppose -z = -2*p + i, 0*p = 3*p - 4*i - 52. What is the remainder when 45 is divided by p?
13
Suppose -4*n + 3*v + 0*v - 71 = 0, -4*v + 4 = 0. Suppose 3*h = -m + 11, 2*h - 4 = m - 40. Let r = n + m. What is the remainder when 26 is divided by r?
8
Let o be 1/3 + (-498)/(-18). What is the remainder when (1 - -2 - 2) + o is divided by 10?
9
Suppose 5*w = -4*c + 44, 80 = 5*w - 0*w - 5*c. Let j = -216 + 378. Suppose 5*v = -5*a + 160, -6 - j = -5*v - a. What is the remainder when v is divided by w?
10
Suppose 2*m - 45 = m. Let y = 89 - m. Calculate the remainder when y is divided by 15.
14
Calculate the remainder when 76 is divided by 0 + (-1)/3 + (-242)/(-6).
36
Suppose -24 = 5*k - 59. Calculate the remainder when 20 is divided by k.
6
What is the remainder when 25 is divided by (-18)/(3*(-10)/15)?
7
Let h(r) = r**3 - 3*r**2 + 2*r - 3. Calculate the remainder when (-740)/(-12) - 10/15 is divided by h(4).
19
What is the remainder when 57 is divided by (-3*(-3 - -13))/(-2)?
12
Let f(w) = -w**3 - w**2 - w - 1. Let q be f(-1). Suppose q = 3*p - 8 - 4. What is the remainder when (-2)/(-14) + (-152)/(-14) is divided by p?
3
Let d be 5/(-5) - (-5 + -1). Suppose 0 = -4*m - 4*r + 52, 3*m + 4*r = d*r + 39. What is the remainder when m is divided by 7?
6
Let a(p) = -p + 23. Calculate the remainder when 46 is divided by a(7).
14
Suppose 0 = -v + 14 + 1. Suppose -3*g = h - 15, -4*g - g = 4*h - 32. Suppose -v = g*t - 47. Calculate the remainder when 23 is divided by t.
7
Suppose 4*p - 25 = 11. Let h = 132 - 85. Let m = h + -30. What is the remainder when m is divided by p?
8
Suppose -6*b = -10*b + 52. Suppose 5*q = 2*w + 28, 4*q - 5*q = -5*w - 24. Calculate the remainder when b is divided by q.
1
Suppose -57 = -3*r - 5*i, -2*r - 3*i = 3*r - 79. Suppose -5*v + o = -r, -v - 3*v - 5*o = 12. Calculate the remainder when 37 is divided by 15*1 - (4 - v).
11
Let r(t) = -t**2 + 2*t. Let y(c) = -c**2 + 1. Let i(k) = r(k) - 2*y(k). What is the remainder when 86 is divided by i(-6)?
20
Suppose -3*s = -k - 304, 4*k + 25 = 9*k. What is the remainder when s is divided by 26?
25
Let d = 27 + -8. Let i = 35 - d. What is the remainder when 62 is divided by i?
14
Let m = -9 - -24. Calculate the remainder when 43 is divided by m.
13
Suppose -5*r + 2*d + 139 = 0, d = 3*r - 13 - 71. Suppose 4*p = -13 + r. Let b(q) = 3*q. What is the remainder when p is divided by b(1)?
1
Suppose -6 = -2*s, 0 = -3*k + s + 3*s + 42. Suppose -3*i = -2*i - k. What is the remainder when (2/1 - 1)*34 is divided by i?
16
Let g = 61 - 14. What is the remainder when g is divided by 8?
7
Suppose o - 4*k = 20, 0*o - 2*o = 4*k - 4. Suppose 0 = -4*b - 4*i + 32, 0*b - b = 3*i - o. Calculate the remainder when 21 is divided by b.
5
Let i(u) = u - 21. Let h be i(9). Let c(g) = -6*g + 4. What is the remainder when c(h) is divided by 26?
24
Suppose -19 = -3*s + 14. What is the remainder when 31 is divided by ((-5 - -3) + 3)*s?
9
Suppose 0*a + 4*a - 60 = -2*x, -2*a + 2*x = -18. Calculate the remainder when 77 is divided by a.
12
Let d(l) = -l**3 - l**2 + 15. Let n be 2/8 + (-4)/16. What is the remainder when (8/(-10))/((-1)/35) is divided by d(n)?
13
Suppose -2*b = -4*b + 20. Suppose -4*q + b - 2 = 0. Suppose -q*l - l + 30 = 0. What is the remainder when 37 is divided by l?
7
Let l = -34 + 108. Calculate the remainder when l is divided by -19*1*(-1 + 0).
17
Calculate the remainder when -3*(-201)/9 - -4 is divided by 37.
34
Suppose 2*h - 21 = 5*h. Let o = h + 25. Suppose 0 = -3*a + o + 6. What is the remainder when 22 is divided by a?
6
Let s be 11 - ((-2 - -3) + 1). Let w(b) = 3*b - 18. Calculate the remainder when 17 is divided by w(s).
8
Let h(z) = 4*z + 1. What is the remainder when 50 is divided by h(3)?
11
Suppose -2*b - 134 = -4*z, z - 4*b = -7 + 37. Let x = 767 - 758. What is the remainder when z is divided by x?
7
Suppose 62 = -2*a + 20. Let m = -11 - a. Suppose -28 = -d + m. What is the remainder when d is divided by 13?
12
Let r(w) = w - 17. Let q(m) = 2*m - 33. Let l(d) = -3*q(d) + 5*r(d). What is the remainder when l(6) is divided by 3?
2
Let q = -3 - -3. Suppose q = 4*p - 2*c - 64, -3*c = 2*p - 5*p + 54. What is the remainder when p is divided by ((-2)/(-5))/((-1)/(-20))?
6
Suppose -y + 22 = -1. Suppose -y = -2*r - 3. What is the remainder when 29 is divided by r?
9
Let h(k) = -k**2 + 32*k - 18. What is the remainder when h(30) is divided by 16?
10
Suppose 0 = 3*c - 17 + 2. Suppose -c*z - 3*n = -2*z - 30, -23 = -2*z + n. What is the remainder when 30 is divided by z?
8
Let s be 0/(1 + 0) - -1. What is the remainder when 21 is divided by ((1 - -8) + -1)*s?
5
Suppose 0 = h - 47 + 11. Let j = h - 21. What is the remainder when j is divided by 8?
7
Calculate the remainder when 296/24*(2 - -1) is divided by 26/8*(0 + 4).
11
Let o(y) = 3*y**2 + 2*y. Let a be o(2). Let m = a + -13. Calculate the remainder when 13 is divided by m.
1
Suppose -3*v + 5*j + 26 = 3*j, j = -v + 17. Calculate the remainder when 46 is divided by v.
10
Suppose f - 4*c - 1 = 4*f, 0 = 2*f - 2*c - 18. Let h(t) = -t**2 - 10*t - 9. Let y be h(-8). Suppose y + 68 = f*r. What is the remainder when r is divided by 8?
7
Let o be (-4)/8 + 7/(-2). What is the remainder when o/(-14) + 870/42 is divided by (-3)/2 - 50/(-4)?
10
Suppose -4*k - 13 = -61. What is the remainder when 35 is divided by k?
11
Suppose -56 = -11*z + 7*z. What is the remainder when z is divided by 5?
4
Let s = 8 - 5. Suppose -2*t = -11 + s. What is the remainder when 11 is divided by t?
3
Suppose 18 = 4*i - 18. Let m(s) = 2*s - 1. Calculate the remainder when m(13) is divided by i.
7
Suppose 2*n + 12 = 3*s, -4*n - 3 = -s + 1. Suppose n = -3*x + x + 68. Let l(g) = -2*g**3 - 4*g**2 + g + 3. What is the remainder when x is divided by l(-3)?
16
Let b(w) = 5*w + 5. Let p be b(-6). Calculate the remainder when p/(2 - 3) - -1 is divided by 14.
12
Let k = 19 - 15. Suppose 7*c = 2*c + 40. Suppose k*v - c + 32 = 5*s, 2*s - v - 9 = 0. What is the remainder when 13 is divided by s?
1
Let o(h) = -2*h - 4. Let u(c) = c**3 + 7*c**2 + 4*c - 2. Let y be u(-4). Let i be ((-48)/y)/(1/5). What is the remainder when 22 is divided by o(i)?
10
Let w = 183 - 136. Suppose 2*f - 25 + 1 = 0. What is the remainder when w is divided by f?
11
Let a(g) = -18*g - 54. Calculate the remainder when 33 is divided by a(-4).
15
Let g = -38 + 66. Let u = -16 + g. What is the remainder when 35 is divided by u?
11
Let c(n) = 19*n - 1. What is the remainder when c(10) is divided by 48?
45
Let k be 3 + (-17 + -1)/2. Let q = 1 - k. Calculate the remainder when 27 is divided by q.
6
Let x = 45 - 15. Calculate the remainder when x is divided by 11.
8
Let f be (-2)/6 + (-13)/(-3). Calculate the remainder when 17 is divided by ((-6)/f)/((-3)/18).
8
Suppose 13*i - 324 = 4*i. Calculate the remainder when 142 is divided by i.
34
Let o(x) = 7*x - 27. What is the remainder when 44 is divided by o(6)?
14
Suppose 3*c = 4*j + 2*c - 29, 3*c = 5*j 